{"id":65,"date":"2017-09-11T17:14:43","date_gmt":"2017-09-11T15:14:43","guid":{"rendered":"http:\/\/spvgg1862neumark.de\/ninjutsu\/?page_id=65"},"modified":"2017-09-11T17:14:43","modified_gmt":"2017-09-11T15:14:43","slug":"training","status":"publish","type":"page","link":"https:\/\/www.spvgg1862neumark.de\/ninjutsu\/training\/","title":{"rendered":"Training"},"content":{"rendered":"<p>[vc_row][vc_column][vc_column_text]<\/p>\n<h3 class=\"custom-title\">Trainingszeiten<\/h3>\n<p>[\/vc_column_text][\/vc_column][\/vc_row][vc_row][vc_column][vc_column_text]<strong>Mittwoch<\/strong><br \/>\nab 17:00 Uhr bis 18:00 Uhr f\u00fcr Anf\u00e4nger und 9.Kyu<br \/>\nab 18:15 Uhr bis 19:15 Uhr f\u00fcr Fortgeschrittene ab 8.Kyu<br \/>\nab 19:30 Uhr bis 21:00 Uhr f\u00fcr Erwachsene<\/p>\n<p><strong>Sonnabend<\/strong><br \/>\nab 09:30 Uhr bis 11:30 Uhr nach Vereinbarung<\/p>\n<p>Das Training findet in der Turnhalle der Oberschule Neumark \/ Sa. &#8211; Wilhelm Pieck Str. 2, 08496 Neumark \/ Sa. statt.[\/vc_column_text][\/vc_column][\/vc_row]<\/p>\n","protected":false},"excerpt":{"rendered":"<p>[vc_row][vc_column][vc_column_text] Trainingszeiten [\/vc_column_text][\/vc_column][\/vc_row][vc_row][vc_column][vc_column_text]Mittwoch ab 17:00 Uhr bis 18:00 Uhr f\u00fcr Anf\u00e4nger und 9.Kyu ab 18:15 Uhr bis 19:15 Uhr f\u00fcr Fortgeschrittene ab 8.Kyu ab 19:30 Uhr bis 21:00 Uhr f\u00fcr Erwachsene Sonnabend ab 09:30 Uhr bis 11:30 Uhr nach Vereinbarung Das Training findet in der Turnhalle der Oberschule Neumark \/ Sa. &#8211; Wilhelm Pieck Str. [&hellip;]<\/p>\n","protected":false},"author":1,"featured_media":0,"parent":0,"menu_order":0,"comment_status":"closed","ping_status":"closed","template":"","meta":{"ngg_post_thumbnail":0},"_links":{"self":[{"href":"https:\/\/www.spvgg1862neumark.de\/ninjutsu\/wp-json\/wp\/v2\/pages\/65"}],"collection":[{"href":"https:\/\/www.spvgg1862neumark.de\/ninjutsu\/wp-json\/wp\/v2\/pages"}],"about":[{"href":"https:\/\/www.spvgg1862neumark.de\/ninjutsu\/wp-json\/wp\/v2\/types\/page"}],"author":[{"embeddable":true,"href":"https:\/\/www.spvgg1862neumark.de\/ninjutsu\/wp-json\/wp\/v2\/users\/1"}],"replies":[{"embeddable":true,"href":"https:\/\/www.spvgg1862neumark.de\/ninjutsu\/wp-json\/wp\/v2\/comments?post=65"}],"version-history":[{"count":0,"href":"https:\/\/www.spvgg1862neumark.de\/ninjutsu\/wp-json\/wp\/v2\/pages\/65\/revisions"}],"wp:attachment":[{"href":"https:\/\/www.spvgg1862neumark.de\/ninjutsu\/wp-json\/wp\/v2\/media?parent=65"}],"curies":[{"name":"wp","href":"https:\/\/api.w.org\/{rel}","templated":true}]}}